{"id":36,"date":"2025-05-10T13:15:44","date_gmt":"2025-05-10T13:15:44","guid":{"rendered":"https:\/\/www.depravedgang.com\/gang\/?page_id=36"},"modified":"2025-06-10T09:02:07","modified_gmt":"2025-06-10T09:02:07","slug":"lieux","status":"publish","type":"page","link":"https:\/\/www.depravedgang.com\/gang\/lieux\/","title":{"rendered":"Info"},"content":{"rendered":"<div class=\"\" style=\"\" >\n    \n    <section class=\"u-clearfix u-container-align-center u-section-2\" id=\"block-3\">\n      <div class=\"u-clearfix u-sheet u-valign-middle-lg u-valign-middle-md u-valign-middle-sm u-valign-middle-xl u-sheet-1\">\n        <div class=\"u-border-5 u-border-white u-line u-line-horizontal u-line-1\"><\/div>\n      <\/div>\n    <\/section>\n    <section class=\"u-clearfix u-section-3\" id=\"block-4\">\n      <div class=\"u-clearfix u-sheet u-valign-top u-sheet-1\">\n        <h2 class=\"u-custom-font u-font-montserrat u-text u-text-body-alt-color u-text-1\" autocomplete=\"off\"><span style=\"font-size: 1.875rem;\">&nbsp;<span style=\"text-decoration: underline !important; font-weight: 700;\">Gangbang Priv\u00e9 avec ou sans capote<\/span><\/span><span style=\"font-weight: 700;\">\n            <br><\/span><span style=\"font-size: 1.5rem;\">- Petite restauration &amp; Boissons&nbsp;<br>- Teste hiv et syphilis sur place<\/span>\n          <br><span style=\"font-size: 1.5rem;\">Le droit d\u2019entr\u00e9e de notre \u00e9v\u00e9nement \u00ab l\u00e2cher prise \u00bb est de 120\u20ac - 130\u20ac.\nLors de votre inscription,<br>un acompte (par payement \u00e9lectronique, un lien de\npayement) de 60\u20ac vous sera demand\u00e9 afin de garantir votre place.&nbsp;<br>Le solde de 60\u20ac - 70\u20ac sera \u00e0 r\u00e9gler sur place \u00e0 votre arriv\u00e9.<br>La r\u00e9tractation \u00e0 l'acompte peut se faire dans un d\u00e9lai de 5 jours ouvrable avant la date de l'\u00e9v\u00e9nement, haut de l\u00e0, l'acompte sera perdu.<br>Nous vous demandons \u00e9galement de nous communiquer quelques informations tel que&nbsp;<\/span>\n          <br><span style=\"font-size: 1.5rem;\">- Votre pr\u00e9nom&nbsp;<br>- Votre \u00e2ge&nbsp;<br>- Votre num. de t\u00e9l&nbsp;<br>- Votre Email&nbsp;<br>- Votre r\u00e9gion<\/span>&nbsp;<br><span style=\"font-size: 1.5rem;\">L\u2019adresse exacte du lieu vous sera communiqu\u00e9e uniquement lors de votre inscription<br>(informations\ncompl\u00e8tes et payement de l\u2019acompte).&nbsp;<br>Attention, les places sont limit\u00e9es \u00e0 15 personnes.&nbsp;<br>Bien \u00e0 vous La Team Depraved Gang <\/span>\n        <\/h2>\n      <\/div>\n    <\/section>\n    \n    \n    \n    \n  \n<\/div>","protected":false},"excerpt":{"rendered":"<p>&nbsp;Gangbang Priv\u00e9 avec ou sans capote &#8211; Petite restauration &amp; Boissons&nbsp;&#8211; Teste hiv et syphilis sur place Le droit d\u2019entr\u00e9e de notre \u00e9v\u00e9nement \u00ab l\u00e2cher&hellip;<\/p>\n","protected":false},"author":1,"featured_media":0,"parent":0,"menu_order":0,"comment_status":"closed","ping_status":"closed","template":"","meta":{"pagelayer_contact_templates":[],"_pagelayer_content":"","footnotes":""},"class_list":["post-36","page","type-page","status-publish","hentry"],"_links":{"self":[{"href":"https:\/\/www.depravedgang.com\/gang\/wp-json\/wp\/v2\/pages\/36","targetHints":{"allow":["GET"]}}],"collection":[{"href":"https:\/\/www.depravedgang.com\/gang\/wp-json\/wp\/v2\/pages"}],"about":[{"href":"https:\/\/www.depravedgang.com\/gang\/wp-json\/wp\/v2\/types\/page"}],"author":[{"embeddable":true,"href":"https:\/\/www.depravedgang.com\/gang\/wp-json\/wp\/v2\/users\/1"}],"replies":[{"embeddable":true,"href":"https:\/\/www.depravedgang.com\/gang\/wp-json\/wp\/v2\/comments?post=36"}],"version-history":[{"count":30,"href":"https:\/\/www.depravedgang.com\/gang\/wp-json\/wp\/v2\/pages\/36\/revisions"}],"predecessor-version":[{"id":203,"href":"https:\/\/www.depravedgang.com\/gang\/wp-json\/wp\/v2\/pages\/36\/revisions\/203"}],"wp:attachment":[{"href":"https:\/\/www.depravedgang.com\/gang\/wp-json\/wp\/v2\/media?parent=36"}],"curies":[{"name":"wp","href":"https:\/\/api.w.org\/{rel}","templated":true}]}}